 highest common divisor of 40 and 760?
40
What is the greatest common factor of 12987 and 111?
111
Calculate the greatest common factor of 3 and 4020.
3
What is the greatest common factor of 5 and 185?
5
What is the highest common factor of 50 and 325?
25
Calculate the highest common divisor of 112 and 35.
7
Calculate the greatest common divisor of 13454 and 14.
14
What is the highest common factor of 143 and 22?
11
Calculate the greatest common divisor of 2983 and 19.
19
What is the greatest common divisor of 944 and 5133?
59
Calculate the greatest common factor of 31289 and 2335.
467
Calculate the greatest common divisor of 57 and 19.
19
Calculate the greatest common divisor of 6966 and 81.
81
Calculate the greatest common factor of 332 and 4.
4
Calculate the greatest common factor of 66 and 440.
22
Calculate the greatest common divisor of 5 and 815.
5
What is the highest common factor of 8 and 88?
8
Calculate the greatest common factor of 73 and 7957.
73
Calculate the highest common factor of 38 and 35815.
19
What is the greatest common divisor of 189 and 126?
63
What is the highest common divisor of 168 and 231?
21
Calculate the greatest common factor of 759 and 88.
11
What is the highest common divisor of 41 and 779?
41
What is the greatest common divisor of 2720 and 510?
170
What is the highest common factor of 76 and 12?
4
Calculate the greatest common divisor of 22040 and 76.
76
Calculate the greatest common factor of 602 and 1118.
86
Calculate the greatest common factor of 7325 and 100.
25
What is the highest common factor of 126 and 90?
18
What is the greatest common factor of 12 and 2028?
12
What is the greatest common divisor of 75 and 3975?
75
What is the highest common factor of 5056 and 79?
79
Calculate the highest common factor of 23 and 3.
1
Calculate the greatest common factor of 129 and 9.
3
What is the highest common divisor of 15 and 115?
5
Calculate the greatest common divisor of 1170 and 650.
130
Calculate the greatest common divisor of 3544 and 8.
8
What is the greatest common divisor of 251 and 67519?
251
Calculate the highest common divisor of 44 and 1837.
11
What is the greatest common divisor of 1841 and 14?
7
What is the greatest common divisor of 231 and 33?
33
Calculate the greatest common factor of 118 and 413.
59
What is the highest common divisor of 369 and 243?
9
Calculate the highest common divisor of 6 and 21.
3
What is the greatest common factor of 212 and 68?
4
What is the greatest common divisor of 26552 and 8?
8
What is the greatest common divisor of 128 and 640?
128
Calculate the highest common factor of 20 and 570.
10
Calculate the greatest common divisor of 1554 and 1134.
42
Calculate the greatest common divisor of 1206 and 268.
134
Calculate the highest common divisor of 490 and 1127.
49
What is the greatest common divisor of 140 and 210?
70
What is the greatest common factor of 981 and 225?
9
Calculate the greatest common factor of 100 and 820.
20
Calculate the highest common factor of 7 and 1.
1
What is the greatest common factor of 3 and 48?
3
Calculate the highest common divisor of 264 and 2200.
88
What is the highest common divisor of 14804 and 2?
2
Calculate the greatest common divisor of 48692 and 259.
259
What is the highest common divisor of 288 and 800?
32
Calculate the highest common factor of 143 and 176.
11
What is the greatest common factor of 53660 and 40?
20
Calculate the highest common factor of 3629 and 57.
19
Calculate the highest common factor of 15 and 24.
3
What is the greatest common factor of 92 and 38732?
92
Calculate the highest common factor of 25 and 58825.
25
What is the greatest common divisor of 2149 and 21?
7
What is the greatest common divisor of 10 and 55?
5
What is the greatest common factor of 1406 and 592?
74
What is the highest common divisor of 430 and 10?
10
Calculate the greatest common factor of 150 and 24.
6
What is the highest common divisor of 120 and 3750?
30
Calculate the highest common factor of 378 and 70.
14
What is the greatest common divisor of 19 and 361?
19
Calculate the highest common factor of 682 and 124.
62
Calculate the highest common factor of 721 and 3708.
103
Calculate the greatest common divisor of 576 and 2176.
64
Calculate the greatest common factor of 265 and 1643.
53
What is the greatest common factor of 1062 and 180?
18
What is the highest common divisor of 70 and 730?
10
What is the greatest common factor of 494 and 4?
2
Calculate the highest common factor of 72 and 38088.
72
What is the highest common divisor of 23 and 161?
23
Calculate the greatest common factor of 84 and 21.
21
What is the highest common factor of 18 and 261?
9
Calculate the highest common divisor of 747 and 171.
9
Calculate the highest common divisor of 8 and 46712.
8
What is the greatest common factor of 742 and 42?
14
What is the greatest common divisor of 110 and 4?
2
What is the highest common divisor of 416 and 13?
13
What is the greatest common divisor of 1729 and 14?
7
Calculate the greatest common factor of 18 and 36.
18
Calculate the highest common factor of 944 and 16.
16
Calculate the greatest common factor of 928 and 1044.
116
What is the greatest common factor of 7 and 8?
1
Calculate the highest common factor of 10 and 130.
10
Calculate the highest common factor of 24 and 222.
6
What is the greatest common divisor of 396 and 165?
33
Calculate the highest common factor of 55 and 55.
55
What is the greatest common divisor of 21 and 189?
21
What is the greatest common divisor of 2 and 686?
2
What is the greatest common factor of 138 and 92?
46
Calculate the highest common factor of 98 and 441.
49
Calculate the highest common divisor of 208 and 39.
13
Calculate the greatest common factor of 15 and 45.
15
What is the highest common factor of 29 and 3?
1
What is the greatest common divisor of 1057 and 21?
7
Calculate the highest common factor of 2086 and 13112.
298
Calculate the greatest common divisor of 299 and 65.
13
What is the greatest common factor of 1173 and 1326?
51
Calculate the highest common divisor of 871 and 13.
13
Calculate the highest common divisor of 68 and 8.
4
Calculate the greatest common factor of 36 and 18135.
9
What is the greatest common factor of 14 and 5026?
14
What is the highest common factor of 3528 and 12544?
392
Calculate the highest common divisor of 78 and 429.
39
What is the highest common factor of 252 and 140?
28
What is the greatest common divisor of 31 and 279?
31
Calculate the highest common factor of 12 and 2292.
12
What is the highest common factor of 7664 and 16?
16
What is the highest common divisor of 34 and 289?
17
Calculate the highest common factor of 148 and 111.
37
Calculate the greatest common factor of 504 and 360.
72
What is the greatest common divisor of 42 and 294?
42
Calculate the greatest common divisor of 99 and 3069.
99
What is the greatest common factor of 1360 and 160?
80
What is the greatest common factor of 6279 and 39?
39
Calculate the greatest common factor of 756 and 192.
12
What is the greatest common factor of 6118 and 322?
322
Calculate the highest common divisor of 4992 and 6.
6
Calculate the highest common factor of 24 and 408.
24
Calculate the greatest common divisor of 35 and 5.
5
Calculate the greatest common divisor of 70 and 2422.
14
Calculate the greatest common divisor of 8 and 51032.
8
What is the greatest common divisor of 144 and 240?
48
Calculate the greatest common divisor of 74 and 4736.
74
What is the greatest common divisor of 506 and 69?
23
Calculate the highest common factor of 400 and 16.
16
Calculate the greatest common divisor of 2879 and 4.
1
What is the greatest common divisor of 1449 and 126?
63
Calculate the highest common factor of 12 and 16.
4
What is the highest common factor of 272 and 13328?
272
What is the highest common divisor of 1564 and 646?
34
Calculate the greatest common factor of 580 and 754.
58
Calculate the greatest common divisor of 104 and 56.
8
What is the highest common factor of 363 and 99?
33
What is the greatest common factor of 24 and 1632?
24
Calculate the highest common divisor of 81 and 459.
27
What is the greatest common factor of 735 and 98?
49
Calculate the highest common divisor of 273 and 2093.
91
What is the greatest common